{"id":29,"date":"2020-03-20T21:18:40","date_gmt":"2020-03-20T20:18:40","guid":{"rendered":"http:\/\/immo-schmidt.com\/?page_id=29"},"modified":"2020-04-14T13:43:43","modified_gmt":"2020-04-14T12:43:43","slug":"start","status":"publish","type":"page","link":"https:\/\/immo-schmidt.com\/","title":{"rendered":"Willkommen bei Schmidt Immobilien in N\u00fcrnberg!"},"content":{"rendered":"\n<div class=\"wp-block-image\"><figure class=\"alignright size-large is-resized\"><img loading=\"lazy\" src=\"http:\/\/immo-schmidt.com\/wp-content\/uploads\/2020\/03\/Immo_Logo-1021x1024.png\" alt=\"\" class=\"wp-image-35\" width=\"182\" height=\"182\" srcset=\"https:\/\/immo-schmidt.com\/wp-content\/uploads\/2020\/03\/Immo_Logo-1021x1024.png 1021w, https:\/\/immo-schmidt.com\/wp-content\/uploads\/2020\/03\/Immo_Logo-300x300.png 300w, https:\/\/immo-schmidt.com\/wp-content\/uploads\/2020\/03\/Immo_Logo-150x150.png 150w, https:\/\/immo-schmidt.com\/wp-content\/uploads\/2020\/03\/Immo_Logo-768x770.png 768w, https:\/\/immo-schmidt.com\/wp-content\/uploads\/2020\/03\/Immo_Logo-1531x1536.png 1531w, https:\/\/immo-schmidt.com\/wp-content\/uploads\/2020\/03\/Immo_Logo-100x100.png 100w, https:\/\/immo-schmidt.com\/wp-content\/uploads\/2020\/03\/Immo_Logo.png 2032w\" sizes=\"(max-width: 182px) 100vw, 182px\" \/><\/figure><\/div>\n\n\n\n<p> <\/p>\n\n\n\n<p style=\"color:#9b231c\" class=\"has-text-color has-text-align-left has-medium-font-size\">Meine Leistungen f\u00fcr Sie:<\/p>\n\n\n\n<p class=\"has-normal-font-size\"><strong>Makeln:<\/strong><\/p>\n\n\n\n<ul><li>Vermitteln von Kaufvertr\u00e4gen \u00fcber Wohnungen<\/li><li>Vermitteln von Kaufvertr\u00e4gen \u00fcber Einfamilienh\u00e4user<\/li><li>Vermitteln von Kaufvertr\u00e4gen \u00fcber Mehrfamilienh\u00e4user<\/li><li>Vermitteln von Mietvertr\u00e4gen \u00fcber diese Objekte<\/li><\/ul>\n\n\n\n<p><strong>Verwalten:<\/strong><\/p>\n\n\n\n<ul><li>Verwaltung von Wohnimmobilien (WEG Verwaltung)<\/li><\/ul>\n\n\n\n<p><\/p>\n","protected":false},"excerpt":{"rendered":"<p>Meine Leistungen f\u00fcr Sie: Makeln: Vermitteln von Kaufvertr\u00e4gen \u00fcber Wohnungen Vermitteln von Kaufvertr\u00e4gen \u00fcber Einfamilienh\u00e4user Vermitteln von Kaufvertr\u00e4gen \u00fcber Mehrfamilienh\u00e4user Vermitteln von Mietvertr\u00e4gen \u00fcber diese Objekte Verwalten: Verwaltung von Wohnimmobilien (WEG Verwaltung)<\/p>\n","protected":false},"author":1,"featured_media":0,"parent":0,"menu_order":0,"comment_status":"closed","ping_status":"closed","template":"","meta":[],"_links":{"self":[{"href":"https:\/\/immo-schmidt.com\/index.php?rest_route=\/wp\/v2\/pages\/29"}],"collection":[{"href":"https:\/\/immo-schmidt.com\/index.php?rest_route=\/wp\/v2\/pages"}],"about":[{"href":"https:\/\/immo-schmidt.com\/index.php?rest_route=\/wp\/v2\/types\/page"}],"author":[{"embeddable":true,"href":"https:\/\/immo-schmidt.com\/index.php?rest_route=\/wp\/v2\/users\/1"}],"replies":[{"embeddable":true,"href":"https:\/\/immo-schmidt.com\/index.php?rest_route=%2Fwp%2Fv2%2Fcomments&post=29"}],"version-history":[{"count":17,"href":"https:\/\/immo-schmidt.com\/index.php?rest_route=\/wp\/v2\/pages\/29\/revisions"}],"predecessor-version":[{"id":84,"href":"https:\/\/immo-schmidt.com\/index.php?rest_route=\/wp\/v2\/pages\/29\/revisions\/84"}],"wp:attachment":[{"href":"https:\/\/immo-schmidt.com\/index.php?rest_route=%2Fwp%2Fv2%2Fmedia&parent=29"}],"curies":[{"name":"wp","href":"https:\/\/api.w.org\/{rel}","templated":true}]}}